{"id":101,"date":"2026-07-21T10:57:23","date_gmt":"2026-07-21T10:57:23","guid":{"rendered":"https:\/\/rivasvaciamadrid.anovagroup.es\/?post_type=inscripcion&#038;p=101"},"modified":"2026-07-21T10:57:25","modified_gmt":"2026-07-21T10:57:25","slug":"acceso-a-campamentos-de-verano","status":"publish","type":"inscripcion","link":"https:\/\/rivasvaciamadrid.anovagroup.es\/?inscripcion=acceso-a-campamentos-de-verano","title":{"rendered":"Acceso a campamentos de verano"},"content":{"rendered":"\n<p class=\"wp-block-paragraph\"><strong>OFERTA GENERAL CONCEJAL\u00cdA DE EDUCACI\u00d3N, INFANCIA Y JUVENTUD<\/strong><\/p>\n\n\n\n<p class=\"wp-block-paragraph\">Comienzo plazo de inscripci\u00f3n a campamentos&nbsp;<strong>desde el 20 de mayo a las 12.00h<\/strong>.<\/p>\n\n\n\n<ul class=\"wp-block-list\">\n<li><strong>Campamento de surf:<\/strong>\u00a0el plazo finaliza el\u00a0<strong>5 de junio<\/strong>\u00a0siempre que queden plazas disponibles.<\/li>\n\n\n\n<li><strong>Extremavera y campamentos urbanos<\/strong>: el plazo se mantendr\u00e1 abierto\u00a0<strong>hasta 15 d\u00edas del inicio de cada periodo<\/strong>\u00a0siempre que queden plazas disponibles.\n<ul class=\"wp-block-list\">\n<li><strong>Campamentos externos<\/strong>:\n<ul class=\"wp-block-list\">\n<li><strong>Campamento deportivo de Surf\u00a0<\/strong>en San Miguel de Aras (Cantabria)<br>Del 26 de junio al 1 de julio\u00a0 (5 noches\/6 d\u00edas)<br>Edad: de 9 a\u00f1os a 17 a\u00f1os cumplidos (2 de julio de 2008 al 26 de junio de 2017).\u00a0<br>Plazas disponibles: 50<\/li>\n\n\n\n<li><strong>EXTREMAVERA<\/strong>\u00a0en C\u00e1ceres.\u00a0<br>Periodos quincenales (julio: ambas quincenas y agosto: primera quincena).<br>Edad: de 6 a 17 a\u00f1os (personas nacidas del 2 de julio de 2009 hasta el 31 de diciembre de 2019).<br>Plazas disponibles: 20 plazas por quincena.<\/li>\n<\/ul>\n<\/li>\n\n\n\n<li><strong>Campamentos urbanos<\/strong>:\n<ul class=\"wp-block-list\">\n<li>Periodos semanales de lunes a viernes (laborables) no fraccionables en d\u00edas sueltos, desde el lunes 22 de junio hasta 4 de septiembre (ambos incluidos) con dos jornadas posibles:<ul><li><strong>Jornada completa<\/strong>: de 9 a 17 horas (incluye comida).<br>Posibilidad de recogida anticipada.<\/li><li><strong>Media jornada<\/strong>: de 9 a 14 horas (sin comida incluida).<\/li><\/ul>Ambas modalidades ofrecen servicio de acogida opcional de 7 a 8.45 horas con desayuno incluido.<\/li>\n\n\n\n<li>Edad: 3 a 12 a\u00f1os (personas nacidas desde el 1 de enero de 2014 hasta el 31 de diciembre de 2022).<\/li>\n<\/ul>\n<\/li>\n<\/ul>\n<\/li>\n<\/ul>\n\n\n\n<p class=\"wp-block-paragraph\"><strong>PARA SOLICITAR PLAZA<\/strong><\/p>\n\n\n\n<p class=\"wp-block-paragraph\">Puede solicitar y formalizar la plaza en un mismo acto.&nbsp;<\/p>\n\n\n\n<ol class=\"wp-block-list\">\n<li>Primero cumplimente este formulario para solicitar actividades y periodos.<\/li>\n\n\n\n<li>Repase el resumen por si quieres cambiar algo antes de finalizar la reserva y pago.<\/li>\n\n\n\n<li>Tenga a mano la tarjeta de pago para realizar el pago.<\/li>\n\n\n\n<li>Tras el pago aparecer\u00e1 una pantalla para poder realizar la formalizaci\u00f3n. Tambi\u00e9n recibir\u00e1 un mail al correo facilitado con un enlace y las instrucciones necesarias para finalizar la formalizaci\u00f3n. Esta informaci\u00f3n es imprescindible para conocer y tener en cuenta durante el campamento las necesidades del participante: alergias, necesidades educativas especiales o diversidad funcional. En estos casos tendr\u00e1 que adjuntar y\/o cumplimentar la documentaci\u00f3n complementaria (ficha de autonom\u00eda, informes m\u00e9dicos, dietas especiales, autorizaciones de recogida, o la informaci\u00f3n que considere que necesitamos saber). Una vez expirado el plazo de formalizaci\u00f3n\u00a0<strong>SIN HABER A\u00d1ADIDO la informaci\u00f3n y\/o documentaci\u00f3n solicitada, la plaza no se considerar\u00e1 formalizada por lo que podr\u00eda procederse a la anulaci\u00f3n de la plaza y devoluci\u00f3n de la parte que corresponda en funci\u00f3n de la pol\u00edtica de devoluci\u00f3n de importes si no se subsana esta situaci\u00f3n.<\/strong><\/li>\n\n\n\n<li>Si no recibe el mail con el c\u00f3digo y las instrucciones, acceda a este\u00a0<a href=\"https:\/\/inscripciones.rivasciudad.es\/comunicacion-incidencias-campamentos-infancia\/\" target=\"_blank\" rel=\"noreferrer noopener\">formulario de incidencias<\/a>.<\/li>\n<\/ol>\n","protected":false},"excerpt":{"rendered":"<p>OFERTA GENERAL CONCEJAL\u00cdA DE EDUCACI\u00d3N, INFANCIA Y JUVENTUD Comienzo plazo de inscripci\u00f3n a campamentos&nbsp;desde el 20 de mayo a las 12.00h. PARA SOLICITAR PLAZA Puede solicitar y formalizar la plaza en un mismo acto.&nbsp;<\/p>\n","protected":false},"featured_media":102,"template":"","meta":{"_acf_changed":true},"ambito-de-inscripcion":[10],"class_list":["post-101","inscripcion","type-inscripcion","status-publish","has-post-thumbnail","hentry","ambito-de-inscripcion-infancia-y-juventud"],"acf":[],"_links":{"self":[{"href":"https:\/\/rivasvaciamadrid.anovagroup.es\/index.php?rest_route=\/wp\/v2\/inscripcion\/101","targetHints":{"allow":["GET"]}}],"collection":[{"href":"https:\/\/rivasvaciamadrid.anovagroup.es\/index.php?rest_route=\/wp\/v2\/inscripcion"}],"about":[{"href":"https:\/\/rivasvaciamadrid.anovagroup.es\/index.php?rest_route=\/wp\/v2\/types\/inscripcion"}],"wp:featuredmedia":[{"embeddable":true,"href":"https:\/\/rivasvaciamadrid.anovagroup.es\/index.php?rest_route=\/wp\/v2\/media\/102"}],"wp:attachment":[{"href":"https:\/\/rivasvaciamadrid.anovagroup.es\/index.php?rest_route=%2Fwp%2Fv2%2Fmedia&parent=101"}],"wp:term":[{"taxonomy":"ambito-de-inscripcion","embeddable":true,"href":"https:\/\/rivasvaciamadrid.anovagroup.es\/index.php?rest_route=%2Fwp%2Fv2%2Fambito-de-inscripcion&post=101"}],"curies":[{"name":"wp","href":"https:\/\/api.w.org\/{rel}","templated":true}]}}

<p class="wp-block-paragraph"><strong>OFERTA GENERAL CONCEJALÍA DE EDUCACIÓN, INFANCIA Y JUVENTUD</strong></p>



<p class="wp-block-paragraph">Comienzo plazo de inscripción a campamentos&nbsp;<strong>desde el 20 de mayo a las 12.00h</strong>.</p>



<ul class="wp-block-list">
<li><strong>Campamento de surf:</strong> el plazo finaliza el <strong>5 de junio</strong> siempre que queden plazas disponibles.</li>



<li><strong>Extremavera y campamentos urbanos</strong>: el plazo se mantendrá abierto <strong>hasta 15 días del inicio de cada periodo</strong> siempre que queden plazas disponibles.
<ul class="wp-block-list">
<li><strong>Campamentos externos</strong>:
<ul class="wp-block-list">
<li><strong>Campamento deportivo de Surf </strong>en San Miguel de Aras (Cantabria)<br>Del 26 de junio al 1 de julio  (5 noches/6 días)<br>Edad: de 9 años a 17 años cumplidos (2 de julio de 2008 al 26 de junio de 2017). <br>Plazas disponibles: 50</li>



<li><strong>EXTREMAVERA</strong> en Cáceres. <br>Periodos quincenales (julio: ambas quincenas y agosto: primera quincena).<br>Edad: de 6 a 17 años (personas nacidas del 2 de julio de 2009 hasta el 31 de diciembre de 2019).<br>Plazas disponibles: 20 plazas por quincena.</li>
</ul>
</li>



<li><strong>Campamentos urbanos</strong>:
<ul class="wp-block-list">
<li>Periodos semanales de lunes a viernes (laborables) no fraccionables en días sueltos, desde el lunes 22 de junio hasta 4 de septiembre (ambos incluidos) con dos jornadas posibles:<ul><li><strong>Jornada completa</strong>: de 9 a 17 horas (incluye comida).<br>Posibilidad de recogida anticipada.</li><li><strong>Media jornada</strong>: de 9 a 14 horas (sin comida incluida).</li></ul>Ambas modalidades ofrecen servicio de acogida opcional de 7 a 8.45 horas con desayuno incluido.</li>



<li>Edad: 3 a 12 años (personas nacidas desde el 1 de enero de 2014 hasta el 31 de diciembre de 2022).</li>
</ul>
</li>
</ul>
</li>
</ul>



<p class="wp-block-paragraph"><strong>PARA SOLICITAR PLAZA</strong></p>



<p class="wp-block-paragraph">Puede solicitar y formalizar la plaza en un mismo acto.&nbsp;</p>



<ol class="wp-block-list">
<li>Primero cumplimente este formulario para solicitar actividades y periodos.</li>



<li>Repase el resumen por si quieres cambiar algo antes de finalizar la reserva y pago.</li>



<li>Tenga a mano la tarjeta de pago para realizar el pago.</li>



<li>Tras el pago aparecerá una pantalla para poder realizar la formalización. También recibirá un mail al correo facilitado con un enlace y las instrucciones necesarias para finalizar la formalización. Esta información es imprescindible para conocer y tener en cuenta durante el campamento las necesidades del participante: alergias, necesidades educativas especiales o diversidad funcional. En estos casos tendrá que adjuntar y/o cumplimentar la documentación complementaria (ficha de autonomía, informes médicos, dietas especiales, autorizaciones de recogida, o la información que considere que necesitamos saber). Una vez expirado el plazo de formalización <strong>SIN HABER AÑADIDO la información y/o documentación solicitada, la plaza no se considerará formalizada por lo que podría procederse a la anulación de la plaza y devolución de la parte que corresponda en función de la política de devolución de importes si no se subsana esta situación.</strong></li>



<li>Si no recibe el mail con el código y las instrucciones, acceda a este <a href="https://inscripciones.rivasciudad.es/comunicacion-incidencias-campamentos-infancia/" target="_blank" rel="noreferrer noopener">formulario de incidencias</a>.</li>
</ol>

<p>OFERTA GENERAL CONCEJALÍA DE EDUCACIÓN, INFANCIA Y JUVENTUD Comienzo plazo de inscripción a campamentos&nbsp;desde el 20 de mayo a las 12.00h. PARA SOLICITAR PLAZA Puede solicitar y formalizar la plaza en un mismo acto.&nbsp;</p>
