{"id":103,"date":"2026-07-21T10:58:54","date_gmt":"2026-07-21T10:58:54","guid":{"rendered":"https:\/\/rivasvaciamadrid.anovagroup.es\/?post_type=inscripcion&#038;p=103"},"modified":"2026-07-21T10:58:56","modified_gmt":"2026-07-21T10:58:56","slug":"preinscripcion-a-talleres-culturales-emar-antiguo-alumnado","status":"publish","type":"inscripcion","link":"https:\/\/rivasvaciamadrid.anovagroup.es\/?inscripcion=preinscripcion-a-talleres-culturales-emar-antiguo-alumnado","title":{"rendered":"Preinscripci\u00f3n a Talleres Culturales EMAR \u2013 antiguo alumnado"},"content":{"rendered":"\n<p class=\"wp-block-paragraph\">Si participaste en alguno de los talleres culturales de la Escuela Municipal de Animaci\u00f3n de Rivas (EMAR) durante el \u00faltimo curso, al menos dos meses, y quieres continuar en la misma actividad el pr\u00f3ximo, reserva tu plaza enviando este formulario.<\/p>\n\n\n\n<p class=\"wp-block-paragraph\"><strong>Solicitudes del 6 al 29 de mayo (ambos incluidos)<\/strong><\/p>\n\n\n\n<p class=\"wp-block-paragraph\">Ampl\u00eda informaci\u00f3n en:<\/p>\n\n\n\n<ul class=\"wp-block-list\">\n<li>Talleres j\u00f3venes:\u00a0<strong><a href=\"https:\/\/www.rivasciudad.es\/servicio\/?fwp_tipo_de_servicio=taller-juventud-cultural&amp;fwp_categoria=juventud\" target=\"_blank\" rel=\"noreferrer noopener\">Talleres culturales de la EMAR juventud<\/a><\/strong><\/li>\n\n\n\n<li>Talleres infancia:\u00a0<strong><a href=\"https:\/\/www.rivasciudad.es\/servicio\/?fwp_tipo_de_servicio=taller%2Ctaller-emar\" target=\"_blank\" rel=\"noreferrer noopener\">Talleres culturales de la EMAR infancia<\/a><\/strong><\/li>\n<\/ul>\n\n\n\n<p class=\"wp-block-paragraph\">Recibe atenci\u00f3n personalizada en:<\/p>\n\n\n\n<p class=\"wp-block-paragraph\"><strong>91 666 69 08 |&nbsp;<\/strong><a href=\"mailto:inscripcionesemar@rivasciudad.es\"><strong>inscripcionesemar@rivasciudad.es<\/strong><\/a><strong><br><\/strong>Escuela Municipal de Animaci\u00f3n de Rivas | Avda. del Parque de Asturias s\/n<\/p>\n\n\n\n<p class=\"wp-block-paragraph\">Horario de atenci\u00f3n:<br>Lunes, mi\u00e9rcoles y viernes de 10.00 a 14.00 horas.<br>De lunes a jueves de 16.00 a 19.00 horas.<\/p>\n","protected":false},"excerpt":{"rendered":"<p>Si participaste en alguno de los talleres culturales de la Escuela Municipal de Animaci\u00f3n de Rivas (EMAR) durante el \u00faltimo curso, al menos dos meses, y quieres continuar en la misma actividad el pr\u00f3ximo, reserva tu plaza enviando este formulario. Solicitudes del 6 al 29 de mayo (ambos incluidos) Ampl\u00eda informaci\u00f3n en: Recibe atenci\u00f3n personalizada [&hellip;]<\/p>\n","protected":false},"featured_media":104,"template":"","meta":{"_acf_changed":true},"ambito-de-inscripcion":[10],"class_list":["post-103","inscripcion","type-inscripcion","status-publish","has-post-thumbnail","hentry","ambito-de-inscripcion-infancia-y-juventud"],"acf":[],"_links":{"self":[{"href":"https:\/\/rivasvaciamadrid.anovagroup.es\/index.php?rest_route=\/wp\/v2\/inscripcion\/103","targetHints":{"allow":["GET"]}}],"collection":[{"href":"https:\/\/rivasvaciamadrid.anovagroup.es\/index.php?rest_route=\/wp\/v2\/inscripcion"}],"about":[{"href":"https:\/\/rivasvaciamadrid.anovagroup.es\/index.php?rest_route=\/wp\/v2\/types\/inscripcion"}],"wp:featuredmedia":[{"embeddable":true,"href":"https:\/\/rivasvaciamadrid.anovagroup.es\/index.php?rest_route=\/wp\/v2\/media\/104"}],"wp:attachment":[{"href":"https:\/\/rivasvaciamadrid.anovagroup.es\/index.php?rest_route=%2Fwp%2Fv2%2Fmedia&parent=103"}],"wp:term":[{"taxonomy":"ambito-de-inscripcion","embeddable":true,"href":"https:\/\/rivasvaciamadrid.anovagroup.es\/index.php?rest_route=%2Fwp%2Fv2%2Fambito-de-inscripcion&post=103"}],"curies":[{"name":"wp","href":"https:\/\/api.w.org\/{rel}","templated":true}]}}

Preinscripción a Talleres Culturales EMAR – antiguo alumnado

<p class="wp-block-paragraph">Si participaste en alguno de los talleres culturales de la Escuela Municipal de Animación de Rivas (EMAR) durante el último curso, al menos dos meses, y quieres continuar en la misma actividad el próximo, reserva tu plaza enviando este formulario.</p>



<p class="wp-block-paragraph"><strong>Solicitudes del 6 al 29 de mayo (ambos incluidos)</strong></p>



<p class="wp-block-paragraph">Amplía información en:</p>



<ul class="wp-block-list">
<li>Talleres jóvenes: <strong><a href="https://www.rivasciudad.es/servicio/?fwp_tipo_de_servicio=taller-juventud-cultural&amp;fwp_categoria=juventud" target="_blank" rel="noreferrer noopener">Talleres culturales de la EMAR juventud</a></strong></li>



<li>Talleres infancia: <strong><a href="https://www.rivasciudad.es/servicio/?fwp_tipo_de_servicio=taller%2Ctaller-emar" target="_blank" rel="noreferrer noopener">Talleres culturales de la EMAR infancia</a></strong></li>
</ul>



<p class="wp-block-paragraph">Recibe atención personalizada en:</p>



<p class="wp-block-paragraph"><strong>91 666 69 08 |&nbsp;</strong><a href="mailto:inscripcionesemar@rivasciudad.es"><strong>inscripcionesemar@rivasciudad.es</strong></a><strong><br></strong>Escuela Municipal de Animación de Rivas | Avda. del Parque de Asturias s/n</p>



<p class="wp-block-paragraph">Horario de atención:<br>Lunes, miércoles y viernes de 10.00 a 14.00 horas.<br>De lunes a jueves de 16.00 a 19.00 horas.</p>

<p>Si participaste en alguno de los talleres culturales de la Escuela Municipal de Animación de Rivas (EMAR) durante el último curso, al menos dos meses, y quieres continuar en la misma actividad el próximo, reserva tu plaza enviando este formulario. Solicitudes del 6 al 29 de mayo (ambos incluidos) Amplía información en: Recibe atención personalizada [&hellip;]</p>
